{"id":7,"date":"2018-11-05T20:01:13","date_gmt":"2018-11-05T20:01:13","guid":{"rendered":"http:\/\/www.fightclubanxiety.com\/?page_id=7"},"modified":"2024-01-09T19:36:38","modified_gmt":"2024-01-09T17:36:38","slug":"etusivu","status":"publish","type":"page","link":"https:\/\/www.fightclubanxiety.com\/","title":{"rendered":""},"content":{"rendered":"\n<h4 class=\"wp-block-heading\"><b><span style=\"font-size: 1.5em;\">Miten selviyty\u00e4 ahdistuksen kanssa?<\/span><\/b><\/h4>\n\n\n\n<p>Luentosarjassa k\u00e4yd\u00e4\u00e4n l\u00e4pi ahdistuksen psykologiaa ja biologiaa, ja tarjotaan menetelmi\u00e4 joiden kanssa voi selviyty\u00e4 ahdistuksesta huolimatta. Kun ahdistus lievittyy, sen kanssa voi el\u00e4\u00e4. Jos ahdistus karkaa k\u00e4sist\u00e4 tai valuu kaikkialle, voi v\u00e4hitellen j\u00e4\u00e4d\u00e4 kaiken ulkopuolelle. Ahdistus voi vangita kotiin, jos pelot ovat liian suuria kohdattaviksi. Luentosarja on kohdennettu nuorille, nuorille aikuisille. 3-osainen luentosarja j\u00e4rjestettiin 3 per\u00e4kk\u00e4isen\u00e4 torstaina Tampereella Tesoman hyvinvointikeskuksessa ja se striimattiin verkkoon.&nbsp;Ahdistuksesta ja selviytymiskeinoista luennoi Suvi Reiman, joka on nuorisopsykiatrian erikoisl\u00e4\u00e4k\u00e4ri ja neuropsykiatrinen valmentaja.<\/p>\n\n\n\n<p>Luentojen per\u00e4\u00e4n tarjotaan mahdollisuus kokeilla ohjaajan kanssa suunnittelua ja tavoitteen asettamista, tarkoituksena edet\u00e4 kohti jotain itselle t\u00e4rke\u00e4\u00e4 ja arvokasta p\u00e4\u00e4m\u00e4\u00e4r\u00e4\u00e4. Jos olit kuuntelemassa luentoja tai olet katsonut ne verkosta, voit hahmottaa mist\u00e4 on kysymys. Ohjaaja auttaa my\u00f6s tavoitteen hahmottamisessa. Ohjaajalta voi saada apua oman suunnitelman testaamiseen, onnistumisen arvioimiseen ja jatkosuunnitelmien tekemiseen<\/p>\n\n\n\n<h4 class=\"wp-block-heading\"><strong style=\"font-size: 1.5em;\">Jos olet alle 30-vuotias nuori tai nuori aikuinen, t\u00e4llaista on tarjolla:<\/strong><\/h4>\n\n\n\n<h5 class=\"wp-block-heading\">Kahdenkeskisess\u00e4 tapaamisessa mahdollisuus keskustella omasta tilanteesta<\/h5>\n\n\n\n<ul>\n<li>Tavoitteen asettaminen: mik\u00e4 olisi juuri nyt minulle t\u00e4rke\u00e4\u00e4, mihin voisin tarttua seuraavaksi?<\/li>\n\n\n\n<li>Suunnitelman tekeminen: mink\u00e4laiset askeleet veisiv\u00e4t eteenp\u00e4in?<\/li>\n\n\n\n<li>Vakavilta tuntuvien ahdistusoireiden arvio: riitt\u00e4v\u00e4tk\u00f6 omat konstit, pit\u00e4isik\u00f6 hakea muutakin apua?<\/li>\n<\/ul>\n\n\n\n<h5 class=\"wp-block-heading\">Voit saada tukea suunnitelman toteuttamiseen:<\/h5>\n\n\n\n<ul>\n<li>asiaan tarttuminen ja aloittaminen<\/li>\n\n\n\n<li>mahdollisuus kysy\u00e4 neuvoa jos suunnitelma ei etene<\/li>\n\n\n\n<li>mahdollisuus tehd\u00e4 yhdess\u00e4<\/li>\n\n\n\n<li>mahdollisuus arvioida tilannetta ja tehd\u00e4 uusi suunnitelma, jos ensimm\u00e4inen yritys ei toimi<\/li>\n<\/ul>\n\n\n\n<h5 class=\"wp-block-heading\">Osa 1 TIETOA &#8211; Mit\u00e4 ahdistus on ja miksi? 18.10.2018<\/h5>\n\n\n\n<p><iframe src=\"https:\/\/www.youtube.com\/embed\/qq-ZDNVqgmY\" width=\"560\" height=\"315\" frameborder=\"0\" allowfullscreen=\"allowfullscreen\"><\/iframe><\/p>\n\n\n\n<h5 class=\"wp-block-heading\">Osa 2 TAITOJA &#8211; Kehon ja mielen rauhoittamisen keinot 25.10.2018<\/h5>\n\n\n\n<p><iframe src=\"https:\/\/www.youtube.com\/embed\/NumMiapdLHo\" width=\"560\" height=\"315\" frameborder=\"0\" allowfullscreen=\"allowfullscreen\"><\/iframe><\/p>\n\n\n\n<h5 class=\"wp-block-heading\">Osa 3 KEINOJA &#8211; Riitt\u00e4v\u00e4n hyv\u00e4 suunnitelma on mielen hallintaa 1.11.2018<\/h5>\n\n\n\n<p><iframe src=\"https:\/\/www.youtube.com\/embed\/yASicIzxycE\" width=\"560\" height=\"315\" frameborder=\"0\" allowfullscreen=\"allowfullscreen\"><\/iframe><\/p>\n","protected":false},"excerpt":{"rendered":"<p>Miten selviyty\u00e4 ahdistuksen kanssa? Luentosarjassa k\u00e4yd\u00e4\u00e4n l\u00e4pi ahdistuksen psykologiaa ja biologiaa, ja tarjotaan menetelmi\u00e4 joiden kanssa voi selviyty\u00e4 ahdistuksesta huolimatta. Kun ahdistus lievittyy, sen kanssa voi el\u00e4\u00e4. Jos ahdistus karkaa k\u00e4sist\u00e4 tai valuu kaikkialle, voi v\u00e4hitellen j\u00e4\u00e4d\u00e4 kaiken ulkopuolelle. Ahdistus voi vangita kotiin, jos pelot ovat liian suuria kohdattaviksi. Luentosarja on kohdennettu nuorille, nuorille aikuisille. &hellip; <\/p>\n<p class=\"link-more\"><a href=\"https:\/\/www.fightclubanxiety.com\/\" class=\"more-link\">Jatka lukemista<span class=\"screen-reader-text\"> &#8221;&#8221;<\/span><\/a><\/p>\n","protected":false},"author":1,"featured_media":34,"parent":0,"menu_order":0,"comment_status":"closed","ping_status":"closed","template":"","meta":{"footnotes":""},"_links":{"self":[{"href":"https:\/\/www.fightclubanxiety.com\/index.php?rest_route=\/wp\/v2\/pages\/7"}],"collection":[{"href":"https:\/\/www.fightclubanxiety.com\/index.php?rest_route=\/wp\/v2\/pages"}],"about":[{"href":"https:\/\/www.fightclubanxiety.com\/index.php?rest_route=\/wp\/v2\/types\/page"}],"author":[{"embeddable":true,"href":"https:\/\/www.fightclubanxiety.com\/index.php?rest_route=\/wp\/v2\/users\/1"}],"replies":[{"embeddable":true,"href":"https:\/\/www.fightclubanxiety.com\/index.php?rest_route=%2Fwp%2Fv2%2Fcomments&post=7"}],"version-history":[{"count":9,"href":"https:\/\/www.fightclubanxiety.com\/index.php?rest_route=\/wp\/v2\/pages\/7\/revisions"}],"predecessor-version":[{"id":47,"href":"https:\/\/www.fightclubanxiety.com\/index.php?rest_route=\/wp\/v2\/pages\/7\/revisions\/47"}],"wp:featuredmedia":[{"embeddable":true,"href":"https:\/\/www.fightclubanxiety.com\/index.php?rest_route=\/wp\/v2\/media\/34"}],"wp:attachment":[{"href":"https:\/\/www.fightclubanxiety.com\/index.php?rest_route=%2Fwp%2Fv2%2Fmedia&parent=7"}],"curies":[{"name":"wp","href":"https:\/\/api.w.org\/{rel}","templated":true}]}}